{"id":289,"date":"2020-11-10T11:39:53","date_gmt":"2020-11-10T11:39:53","guid":{"rendered":"https:\/\/lecuspidi.com\/index.php\/prodotto\/squeezy-3\/"},"modified":"2026-04-03T04:57:30","modified_gmt":"2026-04-03T04:57:30","slug":"squeezy-3","status":"publish","type":"product","link":"https:\/\/lecuspidi.com\/index.php\/prodotto\/squeezy-3\/","title":{"rendered":"Squeezy ai Gelsi Neri dell&#8217;Etna"},"content":{"rendered":"<p><strong>Squeezy\u00a0<strong>ai Gelsi dell&#8217;Etna\u00a0<\/strong>da g.250:<\/strong><\/p>\n<p>Farcire il tuo dolce preferito, non \u00e8 mai stato cos\u00ec facile. Squeezy \u00e8 la confettura\u00a0pronta ai\u00a0Gelsi Neri dell&#8217;Etna\u00a0ideale per arricchire di squisitezza qualsiasi dolce. Facile da usare con il suo pratico tappo dosatore e buona da impazzire perch\u00e8 realizzata con materie prime selezionate e senza olio di palma. Provala semplicemente anche su una fetta di pane e ti stupir\u00e0!<\/p>\n<p>&nbsp;<\/p>\n<p>&nbsp;<\/p>\n","protected":false},"excerpt":{"rendered":"<p><strong>Squeezy\u00a0<strong>ai Gelsi dell&#8217;Etna\u00a0<\/strong>da g.250:<\/strong><\/p>\n<p>Farcire il tuo dolce preferito, non \u00e8 mai stato cos\u00ec facile. Squeezy \u00e8 la confettura\u00a0pronta ai\u00a0Gelsi Neri dell&#8217;Etna\u00a0ideale per arricchire di squisitezza qualsiasi dolce. Facile da usare con il suo pratico tappo dosatore e buona da impazzire perch\u00e8 realizzata con materie prime selezionate e senza olio di palma. Provala semplicemente anche su una fetta di pane e ti stupir\u00e0!<\/p>\n","protected":false},"featured_media":36788,"template":"","meta":{"inline_featured_image":false,"site-sidebar-layout":"default","site-content-layout":"","ast-site-content-layout":"default","site-content-style":"default","site-sidebar-style":"default","ast-global-header-display":"","ast-banner-title-visibility":"","ast-main-header-display":"","ast-hfb-above-header-display":"","ast-hfb-below-header-display":"","ast-hfb-mobile-header-display":"","site-post-title":"","ast-breadcrumbs-content":"","ast-featured-img":"","footer-sml-layout":"","theme-transparent-header-meta":"default","adv-header-id-meta":"","stick-header-meta":"","header-above-stick-meta":"","header-main-stick-meta":"","header-below-stick-meta":"","astra-migrate-meta-layouts":"set","ast-page-background-enabled":"default","ast-page-background-meta":{"desktop":{"background-color":"var(--ast-global-color-4)","background-image":"","background-repeat":"repeat","background-position":"center center","background-size":"auto","background-attachment":"scroll","background-type":"","background-media":"","overlay-type":"","overlay-color":"","overlay-opacity":"","overlay-gradient":""},"tablet":{"background-color":"","background-image":"","background-repeat":"repeat","background-position":"center center","background-size":"auto","background-attachment":"scroll","background-type":"","background-media":"","overlay-type":"","overlay-color":"","overlay-opacity":"","overlay-gradient":""},"mobile":{"background-color":"","background-image":"","background-repeat":"repeat","background-position":"center center","background-size":"auto","background-attachment":"scroll","background-type":"","background-media":"","overlay-type":"","overlay-color":"","overlay-opacity":"","overlay-gradient":""}},"ast-content-background-meta":{"desktop":{"background-color":"var(--ast-global-color-5)","background-image":"","background-repeat":"repeat","background-position":"center center","background-size":"auto","background-attachment":"scroll","background-type":"","background-media":"","overlay-type":"","overlay-color":"","overlay-opacity":"","overlay-gradient":""},"tablet":{"background-color":"var(--ast-global-color-5)","background-image":"","background-repeat":"repeat","background-position":"center center","background-size":"auto","background-attachment":"scroll","background-type":"","background-media":"","overlay-type":"","overlay-color":"","overlay-opacity":"","overlay-gradient":""},"mobile":{"background-color":"var(--ast-global-color-5)","background-image":"","background-repeat":"repeat","background-position":"center center","background-size":"auto","background-attachment":"scroll","background-type":"","background-media":"","overlay-type":"","overlay-color":"","overlay-opacity":"","overlay-gradient":""}}},"product_brand":[],"product_cat":[32],"product_tag":[],"class_list":{"0":"post-289","1":"product","2":"type-product","3":"status-publish","4":"has-post-thumbnail","6":"product_cat-topping","7":"desktop-align-left","8":"tablet-align-left","9":"mobile-align-left","11":"first","12":"outofstock","13":"shipping-taxable","14":"purchasable","15":"product-type-simple"},"_links":{"self":[{"href":"https:\/\/lecuspidi.com\/index.php\/wp-json\/wp\/v2\/product\/289","targetHints":{"allow":["GET"]}}],"collection":[{"href":"https:\/\/lecuspidi.com\/index.php\/wp-json\/wp\/v2\/product"}],"about":[{"href":"https:\/\/lecuspidi.com\/index.php\/wp-json\/wp\/v2\/types\/product"}],"wp:featuredmedia":[{"embeddable":true,"href":"https:\/\/lecuspidi.com\/index.php\/wp-json\/wp\/v2\/media\/36788"}],"wp:attachment":[{"href":"https:\/\/lecuspidi.com\/index.php\/wp-json\/wp\/v2\/media?parent=289"}],"wp:term":[{"taxonomy":"product_brand","embeddable":true,"href":"https:\/\/lecuspidi.com\/index.php\/wp-json\/wp\/v2\/product_brand?post=289"},{"taxonomy":"product_cat","embeddable":true,"href":"https:\/\/lecuspidi.com\/index.php\/wp-json\/wp\/v2\/product_cat?post=289"},{"taxonomy":"product_tag","embeddable":true,"href":"https:\/\/lecuspidi.com\/index.php\/wp-json\/wp\/v2\/product_tag?post=289"}],"curies":[{"name":"wp","href":"https:\/\/api.w.org\/{rel}","templated":true}]}}